 -q*u + 13 = -13. What are the prime factors of u?
13
Suppose -160 = -5*s + 3*o, -4*s + o = -4*o - 141. List the prime factors of s.
29
Suppose -o - 5 - 65 = 0. Let v = 142 + o. Suppose 0 = 5*y + 20, -3*y = 4*a - y - v. List the prime factors of a.
2, 5
Suppose -4*m + 0*m - 636 = -4*i, 4*i = 3*m + 634. List the prime factors of i.
157
Let h(l) = -8*l - 7. What are the prime factors of h(-4)?
5
Suppose 0 = -4*l - 5*z + 35, z = -3*l + 6*z. Suppose 0 = -l*w - 2*h + 58, 2*w - 38 = -w - 2*h. List the prime factors of w.
2, 5
Let v(f) = -f**2 + 2*f + 24. List the prime factors of v(0).
2, 3
Suppose 0 = -4*l - r - 111, -3*l - 78 = r + 4. Let s = -20 - l. What are the prime factors of 8/36 + 25/s?
3
Let x(a) = a**3 + 10*a**2 + 5*a + 5. Let d be x(-4). Suppose d + 19 = 5*b. Suppose 2*i - 2*r = 16, -i + b = -5*r - 0*r. What are the prime factors of i?
5
Let i(k) = -10*k + 36. What are the prime factors of i(-13)?
2, 83
Suppose 0 = w + 1 - 33. Suppose -5*h + 37 = -c, 2*h + 2*c = -h + 17. Suppose 3*q - h*q + w = 0. What are the prime factors of q?
2
List the prime factors of 30/(-40) - (-71)/4.
17
Let w = -2 - 1. Let l(y) = y**2 - y - 1. What are the prime factors of l(w)?
11
Let u(n) = 12*n - 33. List the prime factors of u(34).
3, 5
Suppose -3*r + r = 0. List the prime factors of (13 - (-3)/(-1)) + r.
2, 5
Let b = 25 + -13. What are the prime factors of b?
2, 3
Let c = -2 - 11. Let s = c + 25. What are the prime factors of s?
2, 3
Let i be (2/3)/(4/6). Suppose -i - 5 = -p. Let c = p - 1. What are the prime factors of c?
5
Suppose -9 + 41 = c - i, 5*c - 2*i - 172 = 0. List the prime factors of c.
2, 3
Let l(m) = -m**3 - 19*m**2 - 3*m - 22. List the prime factors of l(-19).
5, 7
Suppose 0*f - f = -40. List the prime factors of f.
2, 5
Let b be (0 + 1)/(2/(-4)). List the prime factors of 3 - (b + 3 + 0).
2
Let g(l) = l**3 + 8*l**2 - l + 10. List the prime factors of g(-8).
2, 3
Let g(i) = 72*i. Let n be g(-2). Let r be ((-1)/2)/((-4)/n). What are the prime factors of ((-8)/12)/(4/r)?
3
Let j(x) = x**2 + x. Let g be j(3). Suppose 0 = 4*s - g, -s - 12 + 5 = -h. Suppose 2*b - b = h. List the prime factors of b.
2, 5
Let t = -9 + 16. Let y(r) = -r + 9. What are the prime factors of y(t)?
2
Let q(v) = v**2 + 5*v + 13. List the prime factors of q(-7).
3
Let y = 211 - -17. What are the prime factors of y?
2, 3, 19
Suppose -20 = -5*q - 0. Suppose 75 = -t + q*t. What are the prime factors of t?
5
What are the prime factors of (-4)/(-10) - (-133)/5?
3
Let c be (-4)/(-10) - (-4)/(-10). Suppose -3*u - u + 12 = c. What are the prime factors of u?
3
Let u = 36 + 0. Suppose -v + 9 = -i - i, 2*i = -4*v + u. List the prime factors of v.
3
Let k(n) = n**2 - 7*n + 8. List the prime factors of k(9).
2, 13
List the prime factors of -2 + 79 + 3 + -4.
2, 19
Let d(a) = -a**3 - a**2 + a - 5. What are the prime factors of d(-4)?
3, 13
Let m = 12 - 6. What are the prime factors of m?
2, 3
What are the prime factors of 18/81 - (-160)/9?
2, 3
Let k = -1 + 6. Suppose -35 = -2*f - h, 0*f + 2*f = -k*h + 55. List the prime factors of f.
3, 5
Suppose -2*w = -w - 146. List the prime factors of w.
2, 73
What are the prime factors of ((-2)/(-4))/((-838)/420 + 2)?
3, 5, 7
Let c be 34/(-8)*(-1 - 3). Suppose 2*t = c + 47. List the prime factors of t.
2
What are the prime factors of 74 - -1*8/2?
2, 3, 13
Let h(r) = 5*r**2 - 3 + 5*r - 8*r + r**3 - 4. Let a be h(-5). Suppose -c - a = -3*c. What are the prime factors of c?
2
Let p(h) = 7 - 7*h - 7 - 4. List the prime factors of p(-3).
17
Suppose -3*l - 53 = -5*l + 3*f, 2*l - f = 51. What are the prime factors of l?
5
Let q = -4 + 9. Suppose 0 = 5*u + 3*d - 187, -26 = -q*u - 2*d + 162. List the prime factors of u.
2, 19
Suppose -624 = -3*z - 3*d, -4 = -4*d + 12. What are the prime factors of z?
2, 3, 17
Let b(d) = 5*d**2 + d - 1. Let u be b(1). Let g(j) = -j**3 + 11*j**2 + 13*j. Let k be g(12). Suppose u*m - k = m. What are the prime factors of m?
3
Let x = -179 + 300. What are the prime factors of x?
11
Let r(f) = -f**2 - 6*f + 15. Let w be r(-7). What are the prime factors of (-80)/(-10)*42/w?
2, 3, 7
Suppose -7*y = -3*y - 8. Suppose 2*l = y*d - 0*l + 18, 2*l = 4*d + 26. Let j(q) = -q**3 - 5*q**2 - 5*q + 2. What are the prime factors of j(d)?
2, 3
Let t = 197 - -28. List the prime factors of t.
3, 5
Let g be ((-1)/3)/(1/(-12)). Let y(n) = n**2 - n. Let o(w) = -5*w**2 + 5*w - 2. Let f(d) = o(d) + 6*y(d). What are the prime factors of f(g)?
2, 5
Let d be 6/4*56/4. Let q = d + 0. List the prime factors of q.
3, 7
Let n(h) = -h**3 - 2*h**2 - h - 1. Let i = -6 - -4. Let u be n(i). Let z = 8 + u. What are the prime factors of z?
3
Let n(z) = -2 + 2*z - 3*z + 0*z. Let m be n(0). What are the prime factors of (-5)/m + 1/2?
3
Let g be -2*(0 + 1) - 2. Let n = g + 20. What are the prime factors of n?
2
Let c be 15/(2*(-4)/(-8)). Let l = c + -13. List the prime factors of l.
2
Let p be -2 - 8/(-1 - 1). Suppose -p*w = -b + 1 - 3, 0 = 5*b + 10. Suppose w = 2*u - u - 11. List the prime factors of u.
11
Let l = 2 - -1. What are the prime factors of 27/(-12)*(-16)/l?
2, 3
Let g(l) = 3*l - 2 - 12 + l. List the prime factors of g(15).
2, 23
Suppose 0 = 3*t - 5*t - 2*g + 2, -4*t = -g - 9. Suppose h + 0*h = t. List the prime factors of h.
2
Let m = 6 + -3. Suppose -6 = -m*n - 18. What are the prime factors of n/(2*(-2)/4)?
2
List the prime factors of 37*-2*44/(-8).
11, 37
Let g = 8 - 16. Let b be (g + -2)*(-4)/5. List the prime factors of ((-6)/4)/((-6)/b).
2
Let u = 92 + -27. What are the prime factors of u?
5, 13
Let j(n) = -9*n**2 - 31*n + 18. Let o(q) = 5*q**2 + 16*q - 9. Let v(u) = -6*j(u) - 11*o(u). List the prime factors of v(7).
2, 3
Let b = -11 - -16. Let o(s) = -s**3 + 6*s**2 - 3*s - 7. Let z be o(b). Suppose -6*h + 4*h = y - 13, 0 = -3*h - z*y + 24. List the prime factors of h.
5
Let s be -10*((-14)/4 + 2). Let k be 2/4*0/(-2). Suppose -2*y = -3*b + 25, k*b + 2*b + 5*y = -s. What are the prime factors of b?
5
Let b(k) = k**3 - 3*k**2 + 4*k. Let m be b(4). List the prime factors of 4/(-2) + m/2.
2, 7
Let y = 21 + -9. Suppose 2*n + 3*f = 3*n - 6, -n + f + y = 0. What are the prime factors of n?
3, 5
Suppose 0 = -l - 2 - 1. Let a(j) = j - 4. Let c be a(l). Let d = 16 + c. List the prime factors of d.
3
Suppose 3*c = 6 + 3, 3*h - 12 = -2*c. Suppose -h*k + 21 + 3 = 0. List the prime factors of k.
2, 3
Suppose 5*t - 7*t = -10. Suppose -10 = -t*o - 5. List the prime factors of (-9 + (-1 - o))*-1.
11
Let a(o) = -o**2 - 20*o + 18. What are the prime factors of a(-20)?
2, 3
Let d(n) = -4*n - 5 - 4*n + n + n**2. List the prime factors of d(10).
5
What are the prime factors of 0 + 3 - 915/(-15)?
2
Let i(l) be the third derivative of l**5/12 + l**4/24 + l**3/6 + 5*l**2. What are the prime factors of i(-2)?
19
Suppose 3*d - 1 = -u, 13 = -5*d - 5*u - 2. Suppose 4*l = -3*a + 7, d*l = -3*a - l + 12. What are the prime factors of a?
3
Let c = 5 - 0. Let z be 1/((-2)/c)*-2. Suppose 4*y + g - 27 = 2*y, -4*g + 75 = z*y. List the prime factors of y.
11
Suppose -2*c - y = -30 - 37, 0 = -y - 1. What are the prime factors of c?
2, 17
Suppose -5*r = -188 + 23. List the prime factors of r.
3, 11
Let i be (-5)/((-10)/6) + 0. Let p be i/(-15) - 52/(-10). Suppose p*s - 38 = -q, -2*s - 3*q - q + 8 = 0. List the prime factors of s.
2
Suppose 2*s - 36 = 4*q, -5*q + 6 = -14. Suppose d = -5, 2*k + 2*d - 6*d = s. What are the prime factors of k?
3
Let l(s) = s**3 + s**2 + s - 1. Let j be l(0). Let h(q) = -2*q. Let x be h(j). Suppose -4 = -x*y - 0*y. List the prime factors of y.
2
Let g = -1 - -4. Let t be -4*1*(g + -2). Let i(y) = -3*y - 2. What are the prime factors of i(t)?
2, 5
Let c be (3 + 1)*9/12. Suppose -2*z - l - 21 = -4*z, 0 = -c*z - 2*l + 14. List the prime factors of z.
2
Let n = 20 - 0. List the prime factors of n.
2, 5
Let i be (1 - 2)*-3*1. Let d(q) = q**3 - 3*q**2 + 3*q - 4. Let a be d(i). Suppose -4*m - 20 = -4*f, 2 = -f + a*m - 9. List the prime factors of f.
3
What are the prime factors of 5*2*33/22?
3, 5
Suppose 0 = 4*n, -3*c - 3 = -4*c + 5*n. Let j be c/(2/(4/3)). Suppose -2*y - 4*p - 1 = -3, j*p + 41 = 5*y. List the prime factors of y.
7
Let t(q) = -75*q**3 - 2*q**2 + 2*q + 2. What are the prime factors of t(-1)?
73
Let o be (-1)/(-2)*(3 - 1). Let z be (0 + o/(-2))*0